ivided by 200?
144
What is the remainder when 4020 is divided by 84?
72
Calculate the remainder when 13433 is divided by 1342.
13
Calculate the remainder when 31066 is divided by 39.
22
What is the remainder when 7611 is divided by 17?
12
Calculate the remainder when 63069 is divided by 6.
3
What is the remainder when 34644 is divided by 185?
49
What is the remainder when 143593 is divided by 163?
153
Calculate the remainder when 1230 is divided by 175.
5
What is the remainder when 12778 is divided by 3194?
2
What is the remainder when 5299 is divided by 745?
84
Calculate the remainder when 4764 is divided by 81.
66
What is the remainder when 160522 is divided by 147?
145
Calculate the remainder when 5312 is divided by 773.
674
Calculate the remainder when 23877 is divided by 20.
17
What is the remainder when 9223 is divided by 403?
357
Calculate the remainder when 37033 is divided by 18510.
13
Calculate the remainder when 1309 is divided by 649.
11
What is the remainder when 85311 is divided by 33?
6
Calculate the remainder when 168246 is divided by 14019.
18
Calculate the remainder when 12333 is divided by 43.
35
Calculate the remainder when 13724 is divided by 3428.
12
What is the remainder when 2675 is divided by 707?
554
What is the remainder when 2373 is divided by 739?
156
Calculate the remainder when 5624582 is divided by 28.
26
Calculate the remainder when 3108 is divided by 97.
4
Calculate the remainder when 2736 is divided by 13.
6
Calculate the remainder when 696887 is divided by 36.
35
Calculate the remainder when 171889 is divided by 98.
95
Calculate the remainder when 12739 is divided by 914.
857
What is the remainder when 21480 is divided by 61?
8
Calculate the remainder when 9701 is divided by 14.
13
Calculate the remainder when 2236 is divided by 504.
220
Calculate the remainder when 1839 is divided by 79.
22
What is the remainder when 35047 is divided by 11650?
97
What is the remainder when 31833 is divided by 795?
33
Calculate the remainder when 190879 is divided by 23859.
7
Calculate the remainder when 10600 is divided by 9658.
942
Calculate the remainder when 1013 is divided by 370.
273
What is the remainder when 4138 is divided by 821?
33
What is the remainder when 646268 is divided by 2704?
12
What is the remainder when 101488 is divided by 15?
13
What is the remainder when 14097 is divided by 19?
18
What is the remainder when 6903 is divided by 1693?
131
What is the remainder when 47912 is divided by 11976?
8
What is the remainder when 327899 is divided by 18?
11
What is the remainder when 723119 is divided by 442?
7
Calculate the remainder when 111318 is divided by 19.
16
What is the remainder when 445 is divided by 16?
13
What is the remainder when 13497 is divided by 6741?
15
What is the remainder when 102528 is divided by 70?
48
What is the remainder when 5188 is divided by 2583?
22
Calculate the remainder when 131967 is divided by 795.
792
Calculate the remainder when 874 is divided by 505.
369
Calculate the remainder when 16724 is divided by 5233.
1025
What is the remainder when 115241 is divided by 7201?
25
Calculate the remainder when 344 is divided by 101.
41
What is the remainder when 28841 is divided by 28756?
85
Calculate the remainder when 14555 is divided by 65.
60
What is the remainder when 4212 is divided by 725?
587
Calculate the remainder when 495 is divided by 439.
56
What is the remainder when 2572 is divided by 18?
16
Calculate the remainder when 569159 is divided by 135.
134
Calculate the remainder when 8640 is divided by 360.
0
What is the remainder when 5836 is divided by 27?
4
Calculate the remainder when 8623 is divided by 375.
373
What is the remainder when 730 is divided by 198?
136
What is the remainder when 145523 is divided by 62?
9
What is the remainder when 553007 is divided by 94?
5
Calculate the remainder when 4303 is divided by 4298.
5
Calculate the remainder when 11817 is divided by 843.
15
What is the remainder when 11484 is divided by 239?
12
Calculate the remainder when 855256 is divided by 149.
145
Calculate the remainder when 80823 is divided by 80817.
6
Calculate the remainder when 795 is divided by 110.
25
Calculate the remainder when 2472 is divided by 251.
213
Calculate the remainder when 3689 is divided by 155.
124
What is the remainder when 1166 is divided by 296?
278
Calculate the remainder when 65473 is divided by 263.
249
What is the remainder when 4697 is divided by 666?
35
What is the remainder when 66877 is divided by 1488?
1405
What is the remainder when 12708407 is divided by 286?
283
Calculate the remainder when 480 is divided by 44.
40
Calculate the remainder when 56148 is divided by 3302.
14
Calculate the remainder when 501708 is divided by 125424.
12
Calculate the remainder when 3113 is divided by 142.
131
Calculate the remainder when 26170 is divided by 8721.
7
What is the remainder when 377 is divided by 42?
41
Calculate the remainder when 1298 is divided by 403.
89
Calculate the remainder when 1098640 is divided by 7.
4
Calculate the remainder when 53473 is divided by 4455.
13
What is the remainder when 8431 is divided by 939?
919
What is the remainder when 1922 is divided by 1670?
252
Calculate the remainder when 6982 is divided by 6951.
31
What is the remainder when 675 is divided by 233?
209
Calculate the remainder when 5723 is divided by 327.
164
What is the remainder when 1999 is divided by 225?
199
What is the remainder when 7470 is divided by 146?
24
What is the remainder when 42053 is divided by 183?
146
What is the remainder when 25560 is divided by 109?
54
What is the remainder when 9127 is divided by 11?
8
Calculate the remainder when 6528 is divided by 996.
552
Calculate the remainder when 29402 is divided by 121.
120
What is the remainder when 12890 is divided by 559?
33
Calculate the remainder when 718 is divided by 685.
33
Calculate the remainder when 68992 is divided by 75.
67
What is the remainder when 10378 is divided by 248?
210
What is the remainder when 3047 is divided by 21?
2
What is the remainder when 3481 is divided by 50?
31
Calculate the remainder when 34804 is divided by 116.
4
Calculate the remainder when 13837 is divided by 40.
37
Calculate the remainder when 2219 is divided by 226.
185
Calculate the remainder when 625 is divided by 279.
67
Calculate the remainder when 32367 is divided by 10778.
33
What is the remainder when 83452 is divided by 3793?
6
What is the remainder when 334024 is divided by 83504?
8
What is the remainder when 20797 is divided by 2968?
21
Calculate the remainder when 923923 is divided by 104.
91
Calculate the remainder when 98465 is divided by 746.
739
What is the remainder when 301637 is divided by 305?
297
What is the remainder when 14479 is divided by 80?
79
What is the remainder when 12276 is divided by 4075?
51
What is the remainder when 304882 is divided by 314?
302
Calculate the remainder when 223916 is divided by 537.
524
What is the remainder when 967 is divided by 235?
27
Calculate the remainder when 144423 is divided by 157.
140
Calculate the remainder when 1905 is divided by 67.
29
Calculate the remainder when 3195 is divided by 323.
288
What is the remainder when 392 is divided by 215?
177
What is the remainder when 588 is divided by 134?
52
What is the remainder when 5935 is divided by 2880?
175
What is the remainder when 394894 is divided by 139?
134
Calculate the remainder when 21160 is divided by 585.
100
What is the remainder when 4315 is divided by 1983?
349
Calculate the remainder when 45041 is divided by 14770.
731
Calculate the remainder when 516104 is divided by 541.
531
Calculate the remainder when 5179 is divided by 75.
4
What is the remainder when 6513 is divided by 228?
129
Calculate the remainder when 5914 is divided by 53.
31
Calculate the remainder when 8773 is divided by 2105.
353
What is the remainder when 80895 is divided by 171?
12
What is the remainder when 1410 is divided by 239?
215
Calculate the remainder when 31871 is divided by 995.
31
What is the remainder when 3367 is divided by 3360?
7
What is the remainder when 13302 is divided by 1477?
9
What is the remainder when 2303862 is divided by 9?
6
Calculate the remainder when 633 is divided by 13.
9
Calculate t